atest common divisor of 46 and a?
23
Suppose -3 - 5 = 4*l. Let p be (3 + l)*(-2)/2. Let o = 8 + p. What is the greatest common factor of 7 and o?
7
Let t be 32/80*255/6. What is the greatest common divisor of 629 and t?
17
Let n(a) = 3*a - 2*a - 82*a**2 + 83*a**2. Let g be n(-2). Suppose 3*c + 14 = 5*y, 0*y - g*c = -y. Calculate the highest common divisor of y and 10.
2
Let k(o) = -o**3 + 5*o**2 + 2*o + 3. Let j be k(5). Suppose j + 83 = 3*m + 4*n, -64 = -2*m - 4*n. Calculate the greatest common divisor of 4 and m.
4
Let v = 715 + -175. Calculate the highest common factor of 9 and v.
9
Suppose -y - 4*y + 335 = 5*i, 2*i - 4*y - 140 = 0. Calculate the highest common factor of 51 and i.
17
Let a = -161 + 246. Calculate the highest common divisor of 34 and a.
17
Suppose 28*k + 2631 = 10527. Calculate the greatest common divisor of 12 and k.
6
Let r(d) = -d - 6. Let s be r(-11). Suppose s*h + 76 = -4*t, 5*h = 9*h - 5*t + 69. Let l be h/56 - (-450)/7. Calculate the highest common divisor of 8 and l.
8
Suppose 23 = -12*d + 203. What is the highest common factor of d and 6?
3
Let z = 839 - 802. Calculate the greatest common divisor of 37 and z.
37
Let i(j) = -139*j + 11. Let b be i(-1). What is the highest common divisor of b and 30?
30
Let d(k) = 14*k**2 + 24*k - 54. Let v be d(2). What is the highest common divisor of 1350 and v?
50
Let s(p) be the first derivative of p**4/4 - 5*p**3/3 - 6*p**2 + 17*p - 20. Let y be s(7). What is the greatest common divisor of 31 and y?
31
Let k = -92 + 100. What is the highest common factor of k and 4?
4
Let v be (-2)/11 - 1161/(-33). What is the highest common divisor of v and 5?
5
Suppose 0 = 2*x - j, j = -2*x - 3*j. Suppose -3*c + g = -39, -c + x*g + 17 = g. Calculate the highest common divisor of c and 56.
14
Let h = 317 - 299. Calculate the greatest common factor of 207 and h.
9
Let c be 17/34*20/2. Let k be (2/(-2))/(c/(-125)). Calculate the highest common factor of 225 and k.
25
Suppose -426 = 37*d - 40*d - 3*c, -4*d - 5*c + 563 = 0. Calculate the highest common divisor of 3 and d.
3
Suppose 156*g - 153*g = 33. Let n be -1 + (-1 - (-89 + -1)). What is the highest common divisor of n and g?
11
Suppose -16*o - 66 = -22*o. Let v = -138 - -226. Calculate the greatest common factor of o and v.
11
Suppose 189 = -106*a + 115*a. Calculate the greatest common divisor of a and 56.
7
Let k be 1*(0/(-2) + -1). Let p be 18/((3/2)/(k + 2)). What is the greatest common divisor of p and 132?
12
Suppose d + 2*y = -y + 42, 5*y + 170 = 5*d. Suppose -5*l = -3*p + 12, l + 51 = 4*p + 6*l. What is the greatest common factor of d and p?
9
Suppose 0 = -2*p + 2 + 466. Suppose 29*k = -25*k + 486. Calculate the highest common factor of p and k.
9
Suppose -9 + 30 = 3*l. Suppose 2100 = 18*a - 12*a. Suppose t + 4*t - a = 0. Calculate the greatest common divisor of t and l.
7
Suppose h - 23 = 347. Suppose -6*z + z = -h. Suppose 0 = -4*g + z + 26. Calculate the greatest common divisor of 5 and g.
5
Let i be (-2)/4*0/(-3). Suppose i = -4*d + 2*d - z + 237, -5*z - 25 = 0. What is the highest common divisor of 11 and d?
11
Let f(i) = 7*i + 751. Let w be f(-70). What is the greatest common factor of w and 27?
9
Suppose 12*o - 1381 - 1271 = 0. What is the greatest common divisor of 289 and o?
17
Let l = 8 - -118. Let j = 33 - 15. What is the greatest common factor of j and l?
18
Let s be (-129)/6*(-1 + -1). Let w = 69 - s. What is the highest common factor of 65 and w?
13
Suppose k - 7*z = -2*z + 16, -z - 2 = 0. Suppose 5 + 7 = 2*j. Calculate the greatest common divisor of j and k.
6
Let p be 6 - -6 - 1*2. Let j(g) = -5*g - 25. Let w be j(-9). What is the highest common factor of w and p?
10
Let m = -3147 + 3227. Calculate the greatest common divisor of m and 140.
20
Let g be 3207/(-12) - 6/8. Let h = g + 478. What is the greatest common divisor of 21 and h?
21
Let u = 831 + -201. Calculate the greatest common factor of u and 63.
63
Let y(a) = a - 4. Let s be y(9). Suppose -3*w + 0*f + 4 = -s*f, 5*w + 12 = -f. Let j be w/(-7) - (-282)/42. Calculate the greatest common factor of 28 and j.
7
Let f(t) = t**2 + t - 6. Let x be f(-3). Suppose 4*g - 16 - 32 = x. Let u = 32 - -4. Calculate the greatest common divisor of u and g.
12
Suppose -4*f + 6 = -18. Let l be 15/(-9)*f/(-2). What is the greatest common divisor of 55 and l?
5
Let h(d) = -d**2 + 16*d - 19. Let n be h(7). Let c be (-5)/(5/(-2)) + -7. Let t = -1 - c. What is the greatest common factor of t and n?
4
Let z(y) = -y - 11. Let p be z(-11). Suppose p = 5*w - 7 - 13. Calculate the greatest common factor of w and 2.
2
Let b(g) = 2*g**2 - 17*g + 12. Let k be b(8). What is the highest common factor of 38 and k?
2
Suppose 6*n - 525 = n. Suppose 0 = 54*c - 28*c - 1820. What is the highest common factor of c and n?
35
Suppose 0 = -5*r + 3*g + 84, r - 3*g - 48 = -2*r. Calculate the highest common divisor of r and 12.
6
Let k be (-2 + 6)*(-4)/(6 - 2). Let d be 12/(-10)*150/k. What is the highest common factor of d and 18?
9
Let g = 918 + -882. What is the highest common divisor of 48 and g?
12
Suppose -2125 = -13*n + 4349. Let m = n + -355. Suppose -5*q + 53 + 15 = d, -4*q - 5*d + 67 = 0. What is the highest common factor of q and m?
13
Let b(f) = 35*f**2 - 52*f + 18. Let z be b(-6). Calculate the greatest common factor of 10 and z.
10
Suppose -6*y - 96 = -10*y + 2*m, 5*y - 3*m = 118. Calculate the greatest common divisor of 585 and y.
13
Suppose -3*h + f + 75 = -2*f, 90 = 5*h + 2*f. Let y be (-10)/5*43*-2. Let t = y + -122. Calculate the greatest common divisor of h and t.
10
Suppose 2270 = 32*i - 1570. Calculate the greatest common factor of i and 150.
30
Let k = 62 + -63. Let u(x) = 4*x + 5. Let t be u(4). Let w = k + t. What is the highest common divisor of 80 and w?
20
Let k = -290 + 357. Calculate the greatest common divisor of k and 1.
1
Let a(v) = -v. Let w be a(-2). Suppose -18 = -d + 3*i, 0*i + 5*i = 3*d - 34. What is the highest common divisor of d and w?
1
Let y = 61 - 7. Suppose 2*p - 18 = -5*g + 6, -p + 5 = -g. Suppose 21*w = p*w + 504. Calculate the greatest common divisor of y and w.
18
Suppose -t - 16 = -2*f - 1, -t = 5. Let c = -66 + 63. Let q be 9/6*c/18*-200. What is the greatest common factor of f and q?
5
Let c(l) = l**3 - 6*l**2 + 3*l - 1. Suppose 15 = 3*x - o, 3*o + 2*o = 4*x - 20. Let j be c(x). Let u = 13 + j. Calculate the greatest common factor of 6 and u.
2
Let p be (-2730)/(-28)*76/6. Calculate the highest common factor of 95 and p.
95
Let f be 55/45 + (-4)/18. Suppose -2*n = 2*r + 52, n + 15 = -3*r - 9. Let v = n - -35. What is the highest common divisor of f and v?
1
Suppose -w + 25 = -4*a - 34, 5*a - 170 = -5*w. Calculate the highest common factor of w and 1014.
39
Let d = -5 + 20. Let c be (-12)/(-72) - (-1)/(-6). Suppose 8*u - 341 - 19 = c. What is the highest common factor of u and d?
15
Suppose -15 + 7 = -14*i + 6. Let b(w) = w**2 + 2. Let h be b(3). What is the highest common divisor of i and h?
1
Let z(s) = -2*s + 3. Let o be z(-3). Suppose -5*g + 23 + o = -2*q, 0 = 2*q - 8. What is the highest common factor of g and 72?
8
Let g(m) = -2*m**2 + 36*m - 22. Let z be g(9). What is the highest common divisor of z and 175?
35
Let v be (-63)/(-15) - (-4)/5 - -1. Suppose c - 6 = 6. Calculate the highest common divisor of c and v.
6
Let y be (70/(-15))/(3/135*-2). What is the greatest common factor of 35 and y?
35
Let i = 330 + -106. Calculate the highest common factor of 168 and i.
56
Suppose -3*z = -906 + 180. Let p(g) = 21*g**2 + 1. Let f be p(-1). Calculate the greatest common factor of f and z.
22
Suppose 0 = -g - 2. Let r be (-1)/((-2)/g) - 24. Let u = -17 - r. What is the greatest common divisor of u and 4?
4
Suppose 60 = 5*l - l. Suppose -26*w + 22*w = -12. Calculate the highest common factor of l and w.
3
Suppose -4*f = 2*f - 96. Suppose 0 = -6*l + 2*l + 5*j - 9, 0 = j - 5. What is the highest common divisor of l and f?
4
Let s = 31 + -29. Suppose -s*i - 5*i + 70 = 0. Let w be (-718)/(-8) + (-2)/(-8). What is the highest common factor of i and w?
10
Suppose 4*i + 44 = 2*g, 5*g + 5*i - 98 = 3*i. What is the greatest common factor of g and 160?
20
Let a(q) = 8*q**2 - 6. Let h be a(2). Let k = h - 6. Let j(c) = -c**2 + 8. Let l be j(0). What is the greatest c